{"id":581,"date":"2021-01-22T11:59:56","date_gmt":"2021-01-22T10:59:56","guid":{"rendered":"http:\/\/www.grad.hr\/latom\/?page_id=581"},"modified":"2024-04-24T15:51:49","modified_gmt":"2024-04-24T13:51:49","slug":"tim","status":"publish","type":"page","link":"https:\/\/www.grad.hr\/latom\/index.php\/hr\/tim\/","title":{"rendered":"Tim"},"content":{"rendered":"\n<div class=\"wp-block-columns\">\n<div class=\"wp-block-column\" style=\"flex-basis:33.33%\">\n<figure class=\"wp-block-image size-large\"><img loading=\"lazy\" width=\"1024\" height=\"982\" src=\"http:\/\/www.grad.hr\/latom\/wp-content\/uploads\/2020\/03\/03-Marijana-Serdar-19-1536x1084-1-1024x982.jpg\" alt=\"\" class=\"wp-image-372\" srcset=\"https:\/\/www.grad.hr\/latom\/wp-content\/uploads\/2020\/03\/03-Marijana-Serdar-19-1536x1084-1-1024x982.jpg 1024w, https:\/\/www.grad.hr\/latom\/wp-content\/uploads\/2020\/03\/03-Marijana-Serdar-19-1536x1084-1-300x288.jpg 300w, https:\/\/www.grad.hr\/latom\/wp-content\/uploads\/2020\/03\/03-Marijana-Serdar-19-1536x1084-1-768x737.jpg 768w, https:\/\/www.grad.hr\/latom\/wp-content\/uploads\/2020\/03\/03-Marijana-Serdar-19-1536x1084-1.jpg 1083w\" sizes=\"(max-width: 1024px) 100vw, 1024px\" \/><\/figure>\n\n\n\n<p class=\"has-text-align-left\">Soba D410<br>tel: +385 1 4639 118<br>email: marijana.serdar@grad.unizg.hr <\/p>\n<\/div>\n\n\n\n<div class=\"wp-block-column\" style=\"flex-basis:66.66%\">\n<p><strong>Marijana Serdar<\/strong>, dr.sc.<br>docentica  <\/p>\n\n\n\n<p>Marijana je diplomirala na Sveu\u010dili\u0161tu u Zagrebu, provela dio doktorskog istra\u017eivanja na Sveu\u010dili\u0161tu u Kaliforniji, Berkeley, SAD, u grupi profesora Monteira, a postdoktorsko istra\u017eivanje na CEA, Saclay, u laboratoriju LECBA. Voditeljica je grupe LATOM na Gra\u0111evinskom fakultetu Sveu\u010dili\u0161ta u Zagrebu.<\/p>\n<\/div>\n<\/div>\n\n\n\n<div class=\"wp-block-columns\">\n<div class=\"wp-block-column\" style=\"flex-basis:33.33%\">\n<figure class=\"wp-block-image size-large\"><img loading=\"lazy\" width=\"967\" height=\"1024\" src=\"http:\/\/www.grad.hr\/latom\/wp-content\/uploads\/2020\/03\/157096229920-Matea-Flegar-83-967x1024.jpg\" alt=\"\" class=\"wp-image-377\" srcset=\"https:\/\/www.grad.hr\/latom\/wp-content\/uploads\/2020\/03\/157096229920-Matea-Flegar-83-967x1024.jpg 967w, https:\/\/www.grad.hr\/latom\/wp-content\/uploads\/2020\/03\/157096229920-Matea-Flegar-83-283x300.jpg 283w, https:\/\/www.grad.hr\/latom\/wp-content\/uploads\/2020\/03\/157096229920-Matea-Flegar-83-768x813.jpg 768w, https:\/\/www.grad.hr\/latom\/wp-content\/uploads\/2020\/03\/157096229920-Matea-Flegar-83-1451x1536.jpg 1451w, https:\/\/www.grad.hr\/latom\/wp-content\/uploads\/2020\/03\/157096229920-Matea-Flegar-83-1934x2048.jpg 1934w\" sizes=\"(max-width: 967px) 100vw, 967px\" \/><\/figure>\n\n\n\n<p class=\"has-text-align-left\">Soba SD 216<br>tel: +385 1 3780 125<br>email: matea.flegar@grad.unizg.hr <\/p>\n<\/div>\n\n\n\n<div class=\"wp-block-column\" style=\"flex-basis:66.66%\">\n<p><strong>Matea Flegar<\/strong><br>doktorandica, projekt <a href=\"http:\/\/www.grad.hr\/latom\/index.php\/act\/\">ACT<\/a> <\/p>\n\n\n\n<p>Matea je dvostruka magistra, iz podru\u010dja gra\u0111evinskih materijala na Gra\u0111evinskom fakultetu Sveu\u010dili\u0161ta u Zagrebu, Hrvatska i iz znanosti o gra\u0111evinarstvu na Tehni\u010dkom sveu\u010dili\u0161tu u Be\u010du, Austrija. Njezin glavni fokus istra\u017eivanja je na naprednim metodama ispitivanja formulacija novih vrsta cementa s manjim utjecajem na okoli\u0161. Glavni opseg njezinog rada je razviti sustave koji se mogu primijeniti u svakodnevnim gra\u0111evinskim projektima.<\/p>\n<\/div>\n<\/div>\n\n\n\n<div class=\"wp-block-columns\">\n<div class=\"wp-block-column\" style=\"flex-basis:33.33%\">\n<figure class=\"wp-block-image size-large\"><img loading=\"lazy\" width=\"200\" height=\"202\" src=\"http:\/\/www.grad.hr\/latom\/wp-content\/uploads\/2020\/03\/Kiran-2-2.jpg\" alt=\"\" class=\"wp-image-365\" srcset=\"https:\/\/www.grad.hr\/latom\/wp-content\/uploads\/2020\/03\/Kiran-2-2.jpg 200w, https:\/\/www.grad.hr\/latom\/wp-content\/uploads\/2020\/03\/Kiran-2-2-60x60.jpg 60w\" sizes=\"(max-width: 200px) 100vw, 200px\" \/><\/figure>\n\n\n\n<p class=\"has-text-align-left\">Soba SD 216<br>tel: +385 1 3780 125<br>email: kiran.ram@grad.unizg.hr <\/p>\n<\/div>\n\n\n\n<div class=\"wp-block-column\" style=\"flex-basis:66.66%\">\n<p><strong>Kiran Ram Porikam Poil<\/strong><br>doktorand, projekt <a href=\"http:\/\/www.grad.hr\/latom\/index.php\/act\/\">ACT<\/a> <\/p>\n\n\n\n<p>Kiran Ram zavr\u0161io je magisterij na Nacionalnom tehnolo\u0161kom institutu Karnataka u Indiji 2017. godine s temom Trajnost betona na bazi lete\u0107eg pepela. Razvit \u0107e beton visokih performansi koriste\u0107i cement s niskim udjelom CO2. Pogotovo beton koji se mo\u017ee oduprijeti napadima visokog klorida i kiselinama.<\/p>\n<\/div>\n<\/div>\n\n\n\n<div class=\"wp-block-columns\">\n<div class=\"wp-block-column\" style=\"flex-basis:33.33%\">\n<figure class=\"wp-block-image size-large\"><img loading=\"lazy\" width=\"1003\" height=\"1024\" src=\"http:\/\/www.grad.hr\/latom\/wp-content\/uploads\/2020\/03\/B1B7554-1003x1024.jpg\" alt=\"\" class=\"wp-image-361\" srcset=\"https:\/\/www.grad.hr\/latom\/wp-content\/uploads\/2020\/03\/B1B7554-1003x1024.jpg 1003w, https:\/\/www.grad.hr\/latom\/wp-content\/uploads\/2020\/03\/B1B7554-294x300.jpg 294w, https:\/\/www.grad.hr\/latom\/wp-content\/uploads\/2020\/03\/B1B7554-768x784.jpg 768w, https:\/\/www.grad.hr\/latom\/wp-content\/uploads\/2020\/03\/B1B7554-1504x1536.jpg 1504w, https:\/\/www.grad.hr\/latom\/wp-content\/uploads\/2020\/03\/B1B7554-2006x2048.jpg 2006w, https:\/\/www.grad.hr\/latom\/wp-content\/uploads\/2020\/03\/B1B7554-60x60.jpg 60w\" sizes=\"(max-width: 1003px) 100vw, 1003px\" \/><\/figure>\n\n\n\n<p class=\"has-text-align-left\">Soba SD 209<br>tel: +385 1 3780 126<br>email: antonino.runci@grad.unizg.hr <\/p>\n<\/div>\n\n\n\n<div class=\"wp-block-column\" style=\"flex-basis:66.66%\">\n<p><strong>Antonino Runci<\/strong><br>doktorand, projekt <a href=\"http:\/\/www.grad.hr\/latom\/index.php\/dursaam\/\">DuRSAAM<\/a><\/p>\n\n\n\n<p>Antonino je magistrirao geologiju i tehni\u010dku geologiju na Sveu\u010dili\u0161tu u Padovi (Italija) u rujnu 2018. godine, gdje se usredoto\u010dio na jednodijelna alkalno aktivirana veziva troske iz visoke pe\u0107i: sustave na bazi silikata i na aluminatima. Njegovo je glavno podru\u010dje istra\u017eivanja korozijsko pona\u0161anje \u010delika u alkalno aktiviranim materijalima, kao i svojstva matrice koja utje\u010du na to pona\u0161anje (poput difuzije i vezivanja klorida).<\/p>\n<\/div>\n<\/div>\n\n\n\n<div class=\"wp-block-columns\">\n<div class=\"wp-block-column\" style=\"flex-basis:33.33%\">\n<figure class=\"wp-block-image size-large is-resized\"><img loading=\"lazy\" src=\"http:\/\/www.grad.hr\/latom\/wp-content\/uploads\/2021\/11\/Fotografija_Olivera-Bukvic_page-0001-1.jpg\" alt=\"\" class=\"wp-image-790\" width=\"163\" height=\"243\"\/><\/figure>\n\n\n\n<p class=\"has-text-align-left\">Soba SD 209<br>tel: +385 1 3780 126<br>email: olivera.bukvic@grad.unizg.hr <\/p>\n<\/div>\n\n\n\n<div class=\"wp-block-column\" style=\"flex-basis:66.66%\">\n<p><strong>Olivera Bukvi\u0107<\/strong><br>doktorandica, projekt <a href=\"http:\/\/www.grad.hr\/latom\/index.php\/dursaam\/\">DuRSAAM<\/a><\/p>\n\n\n\n<p>Olivera je istra\u017eiva\u010dica s interesom za istra\u017eiva\u010dka podru\u010dja Gra\u0111evinski materijali, Tehnologija betona, Procjena i popravak konstrukcija i Sigurnost od po\u017eara. Olivera je prethodno radila kao asistentica i istra\u017eiva\u010dica na Univerzitetu u Novom Sadu, Fakultet tehni\u010dkih nauka, Odsjek za gra\u0111evinarstvo i geodeziju, Katedra za gra\u0111evinske materijale, procjenu i sanaciju konstrukcija.<\/p>\n<\/div>\n<\/div>\n\n\n\n<div class=\"wp-block-columns\">\n<div class=\"wp-block-column\" style=\"flex-basis:33.33%\">\n<figure class=\"wp-block-image size-large\"><img loading=\"lazy\" width=\"710\" height=\"929\" src=\"http:\/\/www.grad.hr\/latom\/wp-content\/uploads\/2020\/03\/IMG-20200331-WA0007-1.jpg\" alt=\"\" class=\"wp-image-378\" srcset=\"https:\/\/www.grad.hr\/latom\/wp-content\/uploads\/2020\/03\/IMG-20200331-WA0007-1.jpg 710w, https:\/\/www.grad.hr\/latom\/wp-content\/uploads\/2020\/03\/IMG-20200331-WA0007-1-229x300.jpg 229w\" sizes=\"(max-width: 710px) 100vw, 710px\" \/><\/figure>\n\n\n\n<p class=\"has-text-align-left\">Soba SD 210<br>tel: +385 1 3780 127<br>email: ivana.vladic.kancir@grad.unizg.hr <\/p>\n<\/div>\n\n\n\n<div class=\"wp-block-column\" style=\"flex-basis:66.66%\">\n<p><strong>Ivana Vladi\u0107 Kancir<\/strong><br>doktorandica, projekt <a href=\"http:\/\/www.grad.hr\/latom\/index.php\/abc\/\">ABC<\/a><\/p>\n\n\n\n<p>Ivana je magistrirala iz podru\u010dja gra\u0111evinskih materijala na Gra\u0111evinskom fakultetu Sveu\u010dili\u0161ta u Zagrebu, o trajnosti alkalno aktiviranih materijala. Glavno joj je podru\u010dje istra\u017eivanja razvoj razli\u010ditih veziva na temelju regionalno dostupnih materijala (nusproizvodi i prirodni materijali).<\/p>\n<\/div>\n<\/div>\n\n\n\n<div class=\"wp-block-columns\">\n<div class=\"wp-block-column\" style=\"flex-basis:33.33%\">\n<figure class=\"wp-block-image size-large is-resized\"><img loading=\"lazy\" src=\"http:\/\/www.grad.hr\/latom\/wp-content\/uploads\/2021\/01\/Marko-Rukavina-1.jpg\" alt=\"\" class=\"wp-image-659\" width=\"163\" height=\"250\"\/><\/figure>\n\n\n\n<p class=\"has-text-align-left\">email: marko@termoterra.hr<\/p>\n<\/div>\n\n\n\n<div class=\"wp-block-column\" style=\"flex-basis:66.66%\">\n<p><strong>Marko Rukavina<\/strong><br>doktorand, Termoterra d.o.o., industrijska suradnja<\/p>\n\n\n\n<p>Marko je diplomirao primijenjenu kemiju, usmjerenje specifi\u010dni materijali i napredne tehnologije, na Fakultetu kemijskog in\u017eenjerstva i tehnologije, Sveu\u010dili\u0161te u Zagrebu. Bio je uklju\u010den u 2 istra\u017eiva\u010dka projekta: razvoj 3D printanih (FFF tehnologijom) milireaktora te razvoj samoorganiziraju\u0107ih TiO<sub>2<\/sub> NT dekoriranih s FeOOH i Fe<sub>2<\/sub>O<sub>3<\/sub>. Danas je zaposlen u Termoterra d.o.o. (industrija keramike) gdje razvija nova anorganska polimerna veziva bazirana na glinama koje sadr\u017ee zna\u010dajan udio Fe minerala.<\/p>\n<\/div>\n<\/div>\n\n\n\n<div class=\"wp-block-columns\">\n<div class=\"wp-block-column\" style=\"flex-basis:33.33%\">\n<figure class=\"wp-block-image size-large is-resized\"><img loading=\"lazy\" src=\"http:\/\/www.grad.hr\/latom\/wp-content\/uploads\/2021\/01\/Alma-Dina-Basic.jpg\" alt=\"\" class=\"wp-image-671\" width=\"184\" height=\"245\" srcset=\"https:\/\/www.grad.hr\/latom\/wp-content\/uploads\/2021\/01\/Alma-Dina-Basic.jpg 768w, https:\/\/www.grad.hr\/latom\/wp-content\/uploads\/2021\/01\/Alma-Dina-Basic-225x300.jpg 225w\" sizes=\"(max-width: 184px) 100vw, 184px\" \/><\/figure>\n\n\n\n<p class=\"has-text-align-left\">Soba: SD 215<br>tel: +385 1 3780 129<br>email: alma.dina.basic@grad.unizg.hr<\/p>\n<\/div>\n\n\n\n<div class=\"wp-block-column\" style=\"flex-basis:66.66%\">\n<p><strong>Alma-Dina Ba\u0161i\u0107<br><\/strong>doktorandica, projekt <a href=\"http:\/\/www.grad.hr\/latom\/?page_id=590\">ECO\u2082Flex<\/a><\/p>\n\n\n\n<p>Alma-Dina magistrirala je na Gra\u0111evinskom fakultetu Sveu\u010dili\u0161ta u Zagrebu, podru\u010dje gra\u0111evinskih materijala, na temu <em>Veziva na bazi kalcinirane gline u betonima \u0161iroke primjene<\/em>. Njezin rad &#8220;<em>Razvoj odr\u017eivih veziva na bazi lokalno dostupnih materijala<\/em>&#8221; nagra\u0111en je Rektorovom nagradom za 2019.\/2020. godinu. Glavno podru\u010dje njenog istra\u017eivanja je procjena trajnosti kalcij aluminatnog cementa s inovativnim klinkerom i lokalno dostupnim materijalima (nusproizvodi industrije).<\/p>\n<\/div>\n<\/div>\n\n\n\n<div class=\"wp-block-columns\">\n<div class=\"wp-block-column\" style=\"flex-basis:33.33%\">\n<figure class=\"wp-block-image size-large is-resized\"><img loading=\"lazy\" src=\"http:\/\/www.grad.hr\/latom\/wp-content\/uploads\/2021\/01\/Josipa-Skocibusic-Pejic.jpg\" alt=\"\" class=\"wp-image-672\" width=\"193\" height=\"219\"\/><\/figure>\n\n\n\n<p class=\"has-text-align-left\">Soba: SD 215<br>tel: +385 1 3780 129<br>email: josipa.skocibusic.pejic@grad.unizg.hr<\/p>\n<\/div>\n\n\n\n<div class=\"wp-block-column\" style=\"flex-basis:66.66%\">\n<p><strong>Josipa Sko\u010dibu\u0161i\u0107 Peji\u0107<br><\/strong>doktorandica, projekt <a href=\"http:\/\/www.grad.hr\/latom\/?page_id=590\">ECO\u2082Flex<\/a><\/p>\n\n\n\n<p>Josipa je magistra in\u017eenjerka kemijskog in\u017eenjerstva, a diplomu je stekla na Fakultetu kemijskog in\u017eenjerstva i tehnologije Sveu\u010dili\u0161ta u Zagrebu. Dobitnica je Rektorove nagrade i koautorica znanstvenog \u010dlanka &#8220;<em>Pove\u0107anje brzine osloba\u0111anja lurasidon-hidroklorida iz raspadljivih tableta za usta primjenom liofilizacije<\/em>&#8220;. Trenutno je zaposlena na Gra\u0111evinskom fakultetu Sveu\u010dili\u0161ta u Zagrebu. Podru\u010dje interesa joj je reaktivnost i mikrostruktura veziva na bazi kalcijevog aluminata sa zna\u010dajnim udjelom alternativnih mineralnih dodataka.<\/p>\n<\/div>\n<\/div>\n\n\n\n<div class=\"wp-block-columns\">\n<div class=\"wp-block-column\" style=\"flex-basis:33.33%\">\n<figure class=\"wp-block-image size-large is-resized\"><img loading=\"lazy\" src=\"http:\/\/www.grad.hr\/latom\/wp-content\/uploads\/2021\/02\/CV-web-821x1024.jpg\" alt=\"\" class=\"wp-image-743\" width=\"190\" height=\"236\" srcset=\"https:\/\/www.grad.hr\/latom\/wp-content\/uploads\/2021\/02\/CV-web-821x1024.jpg 821w, https:\/\/www.grad.hr\/latom\/wp-content\/uploads\/2021\/02\/CV-web-241x300.jpg 241w, https:\/\/www.grad.hr\/latom\/wp-content\/uploads\/2021\/02\/CV-web-768x958.jpg 768w, https:\/\/www.grad.hr\/latom\/wp-content\/uploads\/2021\/02\/CV-web-1232x1536.jpg 1232w, https:\/\/www.grad.hr\/latom\/wp-content\/uploads\/2021\/02\/CV-web.jpg 1394w\" sizes=\"(max-width: 190px) 100vw, 190px\" \/><\/figure>\n\n\n\n<p class=\"has-text-align-left\">Soba: D 410<br>tel: +385 1 4639 118<br>email: ana.besker@grad.unizg.hr<\/p>\n<\/div>\n\n\n\n<div class=\"wp-block-column\" style=\"flex-basis:66.66%\">\n<p><strong>Ana Be\u0161ker<br><\/strong>stru\u010dna suradnica, projekt <a href=\"http:\/\/www.grad.hr\/latom\/?page_id=590\">ECO\u2082Flex<\/a><\/p>\n\n\n\n<p>Ana Be\u0161ker je magistra sociologije s certifikatom za provedbu projektne administracije i pisanje projektnih prijava za bespovratna sredstava. Njezino radno iskustvo temelji se na koordinaciji administracije i projektnih aktivnosti u sektoru civilnog dru\u0161tva te savjetovanju za projekte financirane sredstvima EU.<\/p>\n<\/div>\n<\/div>\n","protected":false},"excerpt":{"rendered":"<p>Soba D410tel: +385 1 4639 118email: marijana.serdar@grad.unizg.hr Marijana Serdar, dr.sc.docentica Marijana je diplomirala na Sveu\u010dili\u0161tu u Zagrebu, provela dio doktorskog istra\u017eivanja na Sveu\u010dili\u0161tu u Kaliforniji, Berkeley, SAD, u grupi profesora Monteira, a postdoktorsko istra\u017eivanje na CEA, Saclay, u laboratoriju LECBA. Voditeljica je grupe LATOM na Gra\u0111evinskom fakultetu Sveu\u010dili\u0161ta u Zagrebu. Soba SD 216tel: +385 1 [&hellip;]<\/p>\n","protected":false},"author":1,"featured_media":0,"parent":0,"menu_order":0,"comment_status":"closed","ping_status":"closed","template":"","meta":[],"yoast_head":"<!-- This site is optimized with the Yoast SEO plugin v15.9 - https:\/\/yoast.com\/wordpress\/plugins\/seo\/ -->\n<title>Tim - LATOM<\/title>\n<meta name=\"robots\" content=\"index, follow, max-snippet:-1, max-image-preview:large, max-video-preview:-1\" \/>\n<link rel=\"canonical\" href=\"https:\/\/www.grad.hr\/latom\/index.php\/hr\/tim\/\" \/>\n<meta property=\"og:locale\" content=\"en_US\" \/>\n<meta property=\"og:type\" content=\"article\" \/>\n<meta property=\"og:title\" content=\"Tim - LATOM\" \/>\n<meta property=\"og:description\" content=\"Soba D410tel: +385 1 4639 118email: marijana.serdar@grad.unizg.hr Marijana Serdar, dr.sc.docentica Marijana je diplomirala na Sveu\u010dili\u0161tu u Zagrebu, provela dio doktorskog istra\u017eivanja na Sveu\u010dili\u0161tu u Kaliforniji, Berkeley, SAD, u grupi profesora Monteira, a postdoktorsko istra\u017eivanje na CEA, Saclay, u laboratoriju LECBA. Voditeljica je grupe LATOM na Gra\u0111evinskom fakultetu Sveu\u010dili\u0161ta u Zagrebu. Soba SD 216tel: +385 1 [&hellip;]\" \/>\n<meta property=\"og:url\" content=\"https:\/\/www.grad.hr\/latom\/index.php\/hr\/tim\/\" \/>\n<meta property=\"og:site_name\" content=\"LATOM\" \/>\n<meta property=\"article:modified_time\" content=\"2024-04-24T13:51:49+00:00\" \/>\n<meta property=\"og:image\" content=\"http:\/\/www.grad.hr\/latom\/wp-content\/uploads\/2020\/03\/03-Marijana-Serdar-19-1536x1084-1-1024x982.jpg\" \/>\n<meta name=\"twitter:card\" content=\"summary_large_image\" \/>\n<meta name=\"twitter:label1\" content=\"Est. reading time\">\n\t<meta name=\"twitter:data1\" content=\"5 minutes\">\n<script type=\"application\/ld+json\" class=\"yoast-schema-graph\">{\"@context\":\"https:\/\/schema.org\",\"@graph\":[{\"@type\":\"WebSite\",\"@id\":\"http:\/\/www.grad.hr\/latom\/index.php\/hr\/understanding-microstructure-to-predict-durability-of-construction-materials-hrvatski\/#website\",\"url\":\"http:\/\/www.grad.hr\/latom\/index.php\/hr\/understanding-microstructure-to-predict-durability-of-construction-materials-hrvatski\/\",\"name\":\"LATOM\",\"description\":\"Laboratory for advanced testing of materials\",\"potentialAction\":[{\"@type\":\"SearchAction\",\"target\":\"http:\/\/www.grad.hr\/latom\/index.php\/hr\/understanding-microstructure-to-predict-durability-of-construction-materials-hrvatski\/?s={search_term_string}\",\"query-input\":\"required name=search_term_string\"}],\"inLanguage\":\"en-US\"},{\"@type\":\"ImageObject\",\"@id\":\"https:\/\/www.grad.hr\/latom\/index.php\/hr\/tim\/#primaryimage\",\"inLanguage\":\"en-US\",\"url\":\"http:\/\/www.grad.hr\/latom\/wp-content\/uploads\/2020\/03\/03-Marijana-Serdar-19-1536x1084-1-1024x982.jpg\"},{\"@type\":\"WebPage\",\"@id\":\"https:\/\/www.grad.hr\/latom\/index.php\/hr\/tim\/#webpage\",\"url\":\"https:\/\/www.grad.hr\/latom\/index.php\/hr\/tim\/\",\"name\":\"Tim - LATOM\",\"isPartOf\":{\"@id\":\"http:\/\/www.grad.hr\/latom\/index.php\/hr\/understanding-microstructure-to-predict-durability-of-construction-materials-hrvatski\/#website\"},\"primaryImageOfPage\":{\"@id\":\"https:\/\/www.grad.hr\/latom\/index.php\/hr\/tim\/#primaryimage\"},\"datePublished\":\"2021-01-22T10:59:56+00:00\",\"dateModified\":\"2024-04-24T13:51:49+00:00\",\"breadcrumb\":{\"@id\":\"https:\/\/www.grad.hr\/latom\/index.php\/hr\/tim\/#breadcrumb\"},\"inLanguage\":\"en-US\",\"potentialAction\":[{\"@type\":\"ReadAction\",\"target\":[\"https:\/\/www.grad.hr\/latom\/index.php\/hr\/tim\/\"]}]},{\"@type\":\"BreadcrumbList\",\"@id\":\"https:\/\/www.grad.hr\/latom\/index.php\/hr\/tim\/#breadcrumb\",\"itemListElement\":[{\"@type\":\"ListItem\",\"position\":1,\"item\":{\"@type\":\"WebPage\",\"@id\":\"http:\/\/www.grad.hr\/latom\/\",\"url\":\"http:\/\/www.grad.hr\/latom\/\",\"name\":\"Home\"}},{\"@type\":\"ListItem\",\"position\":2,\"item\":{\"@type\":\"WebPage\",\"@id\":\"https:\/\/www.grad.hr\/latom\/index.php\/hr\/tim\/\",\"url\":\"https:\/\/www.grad.hr\/latom\/index.php\/hr\/tim\/\",\"name\":\"Tim\"}}]}]}<\/script>\n<!-- \/ Yoast SEO plugin. -->","_links":{"self":[{"href":"https:\/\/www.grad.hr\/latom\/index.php\/wp-json\/wp\/v2\/pages\/581"}],"collection":[{"href":"https:\/\/www.grad.hr\/latom\/index.php\/wp-json\/wp\/v2\/pages"}],"about":[{"href":"https:\/\/www.grad.hr\/latom\/index.php\/wp-json\/wp\/v2\/types\/page"}],"author":[{"embeddable":true,"href":"https:\/\/www.grad.hr\/latom\/index.php\/wp-json\/wp\/v2\/users\/1"}],"replies":[{"embeddable":true,"href":"https:\/\/www.grad.hr\/latom\/index.php\/wp-json\/wp\/v2\/comments?post=581"}],"version-history":[{"count":10,"href":"https:\/\/www.grad.hr\/latom\/index.php\/wp-json\/wp\/v2\/pages\/581\/revisions"}],"predecessor-version":[{"id":990,"href":"https:\/\/www.grad.hr\/latom\/index.php\/wp-json\/wp\/v2\/pages\/581\/revisions\/990"}],"wp:attachment":[{"href":"https:\/\/www.grad.hr\/latom\/index.php\/wp-json\/wp\/v2\/media?parent=581"}],"curies":[{"name":"wp","href":"https:\/\/api.w.org\/{rel}","templated":true}]}}