{"id":590,"date":"2021-01-22T13:08:18","date_gmt":"2021-01-22T12:08:18","guid":{"rendered":"http:\/\/www.grad.hr\/latom\/?page_id=590"},"modified":"2022-02-23T09:44:59","modified_gmt":"2022-02-23T08:44:59","slug":"ecoflex","status":"publish","type":"page","link":"https:\/\/www.grad.hr\/latom\/index.php\/hr\/ecoflex\/","title":{"rendered":"Razvoj novog inovativnog ECO\u2082Flex proizvoda"},"content":{"rendered":"\n<div class=\"wp-block-columns\">\n<div class=\"wp-block-column\" style=\"flex-basis:66.66%\">\n<p><strong>Projekt financira:<\/strong> Europska unija iz Europskog fonda za regionalni razvoj (ERDF)<br><strong>U okviru Poziva:<\/strong> EFRR IRI II &#8211; KK.01.2.1.02.004<br><strong>Trajanje projekta:<\/strong> Kolovoz 2020 &#8211; Kolovoz 2023<\/p>\n<\/div>\n\n\n\n<div class=\"wp-block-column\" style=\"flex-basis:33.33%\">\n<figure class=\"wp-block-image size-large is-resized\"><img loading=\"lazy\" src=\"http:\/\/www.grad.hr\/latom\/wp-content\/uploads\/2021\/01\/EcoFlex-logo-1.jpg\" alt=\"\" class=\"wp-image-483\" width=\"183\" height=\"78\"\/><\/figure>\n\n\n\n<div class=\"wp-block-image\"><figure class=\"aligncenter size-large\"><img loading=\"lazy\" width=\"503\" height=\"342\" src=\"http:\/\/www.grad.hr\/latom\/wp-content\/uploads\/2021\/01\/eu-logo-zajedno-do-fondova.png\" alt=\"\" class=\"wp-image-690\" srcset=\"https:\/\/www.grad.hr\/latom\/wp-content\/uploads\/2021\/01\/eu-logo-zajedno-do-fondova.png 503w, https:\/\/www.grad.hr\/latom\/wp-content\/uploads\/2021\/01\/eu-logo-zajedno-do-fondova-300x204.png 300w\" sizes=\"(max-width: 503px) 100vw, 503px\" \/><\/figure><\/div>\n<\/div>\n<\/div>\n\n\n\n<p>Glavni cilj projekta EcoFlex je razviti novi inovativni proizvod tvrtke Calucem d.o.o. ja\u010danjem istra\u017eiva\u010dkih i razvojnih kapaciteta tvrtke i poticanjem suradnje izme\u0111u poduzetnika i institucija za istra\u017eivanje i razvoj.<\/p>\n\n\n\n<p>Predmet projekta temelji se na kombinaciji vlastitog patentiranog kalcijevog aluminatnog cementa (CAC) tvrtke Calucem s odabranim CO\u2082 neutralnim cementnim materijalima (na primjer pepelom) \u0161to daje novu vrstu veziva, jedinstvenu na svjetskom tr\u017ei\u0161tu. Novi proizvod, nazvan ECO\u2082Flex, inovativno je tehnolo\u0161ko rje\u0161enje u industriji cementa za smanjenje CO\u2082 i energije u proizvodnji.<\/p>\n\n\n\n<figure class=\"wp-block-image size-large\"><img loading=\"lazy\" width=\"730\" height=\"487\" src=\"http:\/\/www.grad.hr\/latom\/wp-content\/uploads\/2021\/01\/EcoFlex-vizual.jpg\" alt=\"\" class=\"wp-image-487\" srcset=\"https:\/\/www.grad.hr\/latom\/wp-content\/uploads\/2021\/01\/EcoFlex-vizual.jpg 730w, https:\/\/www.grad.hr\/latom\/wp-content\/uploads\/2021\/01\/EcoFlex-vizual-300x200.jpg 300w\" sizes=\"(max-width: 730px) 100vw, 730px\" \/><\/figure>\n\n\n\n<p>Za razvoj ove inovacije, <strong>Calucem d.o.o<\/strong> sura\u0111uje s dva partnera, <strong>Calucem GmbH<\/strong> i <strong>Gra\u0111evinskim fakultetom Sveu\u010dili\u0161ta u Zagrebu<\/strong>. Gra\u0111evinski fakultet Sveu\u010dili\u0161ta u Zagrebu vodi aktivnosti povezane s &#8220;Radnim paketom 4&#8221; o reaktivnosti, trajnosti i mikrostrukturi. Na fakultetu su u svrhu ovog projekta zaposlene dvije istra\u017eiva\u010dice, doktorandice: <strong>Josipa Sko\u010dibu\u0161i\u0107 Peji\u0107<\/strong> i <strong>Alma-Dina Ba\u0161i\u0107<\/strong>. Njihov \u0107e zadatak biti procijeniti reaktivnost razvijenog klinkera i cementa te njihov utjecaj na trajnost betona. Projektnom administracijom za potrebe Gra\u0111evinskog fakulteta upravljat \u0107e <strong>Ana Be\u0161ker<\/strong>.<\/p>\n\n\n\n<p class=\"has-text-align-center\"><sub>Sadr\u017eaj ove internetske stranice isklju\u010diva je odgovornost Gra\u0111evinskog fakulteta Sveu\u010dili\u0161ta u Zagrebu.<\/sub><\/p>\n\n\n\n<div class=\"wp-block-image\"><figure class=\"aligncenter size-large is-resized\"><img loading=\"lazy\" src=\"http:\/\/www.grad.hr\/latom\/wp-content\/uploads\/2021\/01\/logotipi-svi.jpg\" alt=\"\" class=\"wp-image-691\" width=\"516\" height=\"111\" srcset=\"https:\/\/www.grad.hr\/latom\/wp-content\/uploads\/2021\/01\/logotipi-svi.jpg 792w, https:\/\/www.grad.hr\/latom\/wp-content\/uploads\/2021\/01\/logotipi-svi-300x65.jpg 300w, https:\/\/www.grad.hr\/latom\/wp-content\/uploads\/2021\/01\/logotipi-svi-768x166.jpg 768w\" sizes=\"(max-width: 516px) 100vw, 516px\" \/><\/figure><\/div>\n","protected":false},"excerpt":{"rendered":"<p>Projekt financira: Europska unija iz Europskog fonda za regionalni razvoj (ERDF)U okviru Poziva: EFRR IRI II &#8211; KK.01.2.1.02.004Trajanje projekta: Kolovoz 2020 &#8211; Kolovoz 2023 Glavni cilj projekta EcoFlex je razviti novi inovativni proizvod tvrtke Calucem d.o.o. ja\u010danjem istra\u017eiva\u010dkih i razvojnih kapaciteta tvrtke i poticanjem suradnje izme\u0111u poduzetnika i institucija za istra\u017eivanje i razvoj. Predmet projekta [&hellip;]<\/p>\n","protected":false},"author":1,"featured_media":0,"parent":0,"menu_order":0,"comment_status":"closed","ping_status":"closed","template":"","meta":[],"yoast_head":"<!-- This site is optimized with the Yoast SEO plugin v15.9 - https:\/\/yoast.com\/wordpress\/plugins\/seo\/ -->\n<title>Razvoj novog inovativnog ECO\u2082Flex proizvoda - LATOM<\/title>\n<meta name=\"robots\" content=\"index, follow, max-snippet:-1, max-image-preview:large, max-video-preview:-1\" \/>\n<link rel=\"canonical\" href=\"http:\/\/www.grad.hr\/latom\/index.php\/hr\/ecoflex\/\" \/>\n<meta property=\"og:locale\" content=\"en_US\" \/>\n<meta property=\"og:type\" content=\"article\" \/>\n<meta property=\"og:title\" content=\"Razvoj novog inovativnog ECO\u2082Flex proizvoda - LATOM\" \/>\n<meta property=\"og:description\" content=\"Projekt financira: Europska unija iz Europskog fonda za regionalni razvoj (ERDF)U okviru Poziva: EFRR IRI II &#8211; KK.01.2.1.02.004Trajanje projekta: Kolovoz 2020 &#8211; Kolovoz 2023 Glavni cilj projekta EcoFlex je razviti novi inovativni proizvod tvrtke Calucem d.o.o. ja\u010danjem istra\u017eiva\u010dkih i razvojnih kapaciteta tvrtke i poticanjem suradnje izme\u0111u poduzetnika i institucija za istra\u017eivanje i razvoj. Predmet projekta [&hellip;]\" \/>\n<meta property=\"og:url\" content=\"http:\/\/www.grad.hr\/latom\/index.php\/hr\/ecoflex\/\" \/>\n<meta property=\"og:site_name\" content=\"LATOM\" \/>\n<meta property=\"article:modified_time\" content=\"2022-02-23T08:44:59+00:00\" \/>\n<meta property=\"og:image\" content=\"http:\/\/www.grad.hr\/latom\/wp-content\/uploads\/2021\/01\/EcoFlex-logo-1.jpg\" \/>\n<meta name=\"twitter:card\" content=\"summary_large_image\" \/>\n<meta name=\"twitter:label1\" content=\"Est. reading time\">\n\t<meta name=\"twitter:data1\" content=\"1 minute\">\n<script type=\"application\/ld+json\" class=\"yoast-schema-graph\">{\"@context\":\"https:\/\/schema.org\",\"@graph\":[{\"@type\":\"WebSite\",\"@id\":\"http:\/\/www.grad.hr\/latom\/#website\",\"url\":\"http:\/\/www.grad.hr\/latom\/\",\"name\":\"LATOM\",\"description\":\"Laboratory for advanced testing of materials\",\"potentialAction\":[{\"@type\":\"SearchAction\",\"target\":\"http:\/\/www.grad.hr\/latom\/?s={search_term_string}\",\"query-input\":\"required name=search_term_string\"}],\"inLanguage\":\"en-US\"},{\"@type\":\"ImageObject\",\"@id\":\"http:\/\/www.grad.hr\/latom\/index.php\/hr\/ecoflex\/#primaryimage\",\"inLanguage\":\"en-US\",\"url\":\"http:\/\/www.grad.hr\/latom\/wp-content\/uploads\/2021\/01\/EcoFlex-logo-1.jpg\"},{\"@type\":\"WebPage\",\"@id\":\"http:\/\/www.grad.hr\/latom\/index.php\/hr\/ecoflex\/#webpage\",\"url\":\"http:\/\/www.grad.hr\/latom\/index.php\/hr\/ecoflex\/\",\"name\":\"Razvoj novog inovativnog ECO\\u2082Flex proizvoda - LATOM\",\"isPartOf\":{\"@id\":\"http:\/\/www.grad.hr\/latom\/#website\"},\"primaryImageOfPage\":{\"@id\":\"http:\/\/www.grad.hr\/latom\/index.php\/hr\/ecoflex\/#primaryimage\"},\"datePublished\":\"2021-01-22T12:08:18+00:00\",\"dateModified\":\"2022-02-23T08:44:59+00:00\",\"breadcrumb\":{\"@id\":\"http:\/\/www.grad.hr\/latom\/index.php\/hr\/ecoflex\/#breadcrumb\"},\"inLanguage\":\"en-US\",\"potentialAction\":[{\"@type\":\"ReadAction\",\"target\":[\"http:\/\/www.grad.hr\/latom\/index.php\/hr\/ecoflex\/\"]}]},{\"@type\":\"BreadcrumbList\",\"@id\":\"http:\/\/www.grad.hr\/latom\/index.php\/hr\/ecoflex\/#breadcrumb\",\"itemListElement\":[{\"@type\":\"ListItem\",\"position\":1,\"item\":{\"@type\":\"WebPage\",\"@id\":\"http:\/\/www.grad.hr\/latom\/\",\"url\":\"http:\/\/www.grad.hr\/latom\/\",\"name\":\"Home\"}},{\"@type\":\"ListItem\",\"position\":2,\"item\":{\"@type\":\"WebPage\",\"@id\":\"http:\/\/www.grad.hr\/latom\/index.php\/hr\/ecoflex\/\",\"url\":\"http:\/\/www.grad.hr\/latom\/index.php\/hr\/ecoflex\/\",\"name\":\"Razvoj novog inovativnog ECO\\u2082Flex proizvoda\"}}]}]}<\/script>\n<!-- \/ Yoast SEO plugin. -->","_links":{"self":[{"href":"https:\/\/www.grad.hr\/latom\/index.php\/wp-json\/wp\/v2\/pages\/590"}],"collection":[{"href":"https:\/\/www.grad.hr\/latom\/index.php\/wp-json\/wp\/v2\/pages"}],"about":[{"href":"https:\/\/www.grad.hr\/latom\/index.php\/wp-json\/wp\/v2\/types\/page"}],"author":[{"embeddable":true,"href":"https:\/\/www.grad.hr\/latom\/index.php\/wp-json\/wp\/v2\/users\/1"}],"replies":[{"embeddable":true,"href":"https:\/\/www.grad.hr\/latom\/index.php\/wp-json\/wp\/v2\/comments?post=590"}],"version-history":[{"count":3,"href":"https:\/\/www.grad.hr\/latom\/index.php\/wp-json\/wp\/v2\/pages\/590\/revisions"}],"predecessor-version":[{"id":741,"href":"https:\/\/www.grad.hr\/latom\/index.php\/wp-json\/wp\/v2\/pages\/590\/revisions\/741"}],"wp:attachment":[{"href":"https:\/\/www.grad.hr\/latom\/index.php\/wp-json\/wp\/v2\/media?parent=590"}],"curies":[{"name":"wp","href":"https:\/\/api.w.org\/{rel}","templated":true}]}}